hat is the highest common divisor of o and 7?
1
Suppose 0 = 2*l + 8*l - 1770. What is the highest common divisor of 295 and l?
59
Suppose 0 = -4*d + 6*d - 16. Calculate the highest common divisor of 58 and d.
2
Suppose 582 = 4*o + t - 178, 0 = 3*o + t - 570. What is the highest common factor of 10 and o?
10
Let o = -13 + 18. Let u(d) = -d + 3*d**2 + 2 + 2 - 3. Let l be u(4). What is the highest common divisor of l and o?
5
Suppose 0 = -4*z + 8*z - 312. Calculate the highest common factor of 6 and z.
6
Let d(l) = l**2 - 25*l + 148. Let g be d(7). Calculate the greatest common factor of 44 and g.
22
Let j(g) = -3*g - 6. Let w be j(-5). Suppose -4*o + 890 = -w*o. Let z = o + 298. Calculate the greatest common divisor of 15 and z.
15
Let d be 13*(0 + -1 - -4). Suppose -9*i = -8*i - d. Suppose -2*l - l + i = 0. Calculate the greatest common factor of l and 143.
13
Suppose 2*a = -4*i + 208, -a - 34 = -i - 6*a. What is the greatest common divisor of 288 and i?
18
Suppose -10096 - 5997 = -7*m. Calculate the greatest common divisor of 19 and m.
19
Suppose 416 = -9*a + 22*a. Calculate the greatest common factor of a and 992.
32
Suppose -8*t + 96 = -0*t. Let k be (t*1)/((-18)/(-12)). Let h(g) = 5*g + 2. Let o be h(6). Calculate the highest common divisor of k and o.
8
Suppose 0 = 4*m + 4*l - 40, -4*l = 4*m - 9*l - 49. What is the greatest common factor of 1 and m?
1
Let o(a) = a**3 + 20*a**2 - 18*a + 108. Let m be o(-20). What is the greatest common factor of 36 and m?
36
Let s(c) = 42*c + 66. Let a be s(0). What is the greatest common divisor of a and 156?
6
Suppose 3*m + 0*m = -3*c + 39, 2*c = 5*m - 30. Let u = m + 25. What is the greatest common divisor of u and 99?
33
Suppose g = 6*g + 15. Let u = g - -8. Suppose 2*p = 2*j + 12, -u*p + j + 33 = -j. What is the greatest common factor of 21 and p?
7
Let r = -631 - -871. Calculate the highest common divisor of 15 and r.
15
Let h = -13 + 21. Suppose -4*j + 3*q = -11 - 21, -j = 5*q - h. Let c = 16 - 14. What is the highest common divisor of c and j?
2
Let j(i) be the second derivative of 7*i**4/12 - i**3/3 - 16*i**2 + 36*i. Let u be j(-4). Calculate the greatest common factor of u and 11.
11
Suppose h + 4*x - 218 = 270, -2*x - 1916 = -4*h. Calculate the highest common factor of h and 15.
15
Suppose j + h - 604 = -174, -5*j - 4*h + 2145 = 0. Suppose 0 = -0*z - 5*z + j. Suppose 13*l - 481 + 39 = 0. What is the greatest common factor of z and l?
17
Let p be ((-38)/7 - -6)*7. Suppose 3*b - h = h + 14, 5*b + h = 19. What is the greatest common factor of p and b?
4
Let y be ((-128)/16 - -15) + 23. Suppose 5*d = 0, -3*h + 3*d - 1 = -31. Calculate the greatest common factor of y and h.
10
Suppose 103 + 80 = 2*q - 5*s, s - 399 = -4*q. Suppose 289*o - 264*o = 225. What is the highest common factor of o and q?
9
Suppose f = 4*f - 36. Let u(n) = -f*n**2 - 3 + 3*n + 16*n**2 + 20*n**2 - 4*n. Let s be u(-2). What is the greatest common factor of s and 19?
19
Let d be (-14)/(-7) + 2/1. Suppose c = -a - 2 + d, 4 = -4*a. Suppose 52 = c*s + 16. Calculate the greatest common divisor of s and 30.
6
Let g(u) be the first derivative of 33*u**2/2 - 3*u + 5. Let z be g(11). Calculate the greatest common divisor of 45 and z.
45
Let l(q) = -18*q - 37. Let t(k) = -9*k - 18. Let i(g) = -2*l(g) + 5*t(g). Let j be i(-3). Calculate the highest common divisor of j and 55.
11
Let u(p) = 18*p**2 + 3*p - 16. Let n be u(2). What is the highest common divisor of n and 527?
31
Let w(o) = -o**3 + 4*o**2 - 3*o - 1. Let g(u) = u**3 - 5*u**2 + 4*u. Let x(q) = -5*g(q) - 6*w(q). Let y be x(3). What is the highest common divisor of 48 and y?
12
Let i = -310 - -439. Calculate the highest common divisor of i and 86.
43
Suppose -5*y + 10 = -5*t, -5*t = 4*y - 9 - 17. Suppose 4*h - 5*w - 19 = 0, -t*h + 6*h - w - 7 = 0. What is the greatest common divisor of 1 and h?
1
Let d(f) = f**3 + 6*f**2 - 4*f. Let r be d(-5). Let x(w) = -w**2 - 16*w - 24. Let s be x(-13). Calculate the highest common factor of s and r.
15
Let u be (22 - 6)*7/4 - -1. What is the greatest common divisor of u and 319?
29
Let i = 39 + -37. Suppose 2*c + 0*f - 3*f = 37, 0 = -4*c + i*f + 62. Calculate the highest common factor of c and 126.
14
Suppose l = 4*s + 95, 0 = -4*l - 0*l + 5*s + 391. Calculate the highest common factor of 9 and l.
9
Let f be (-1)/(5/10 - 7/10). Suppose m = -j, f*m - 4*j = m + 40. Suppose s = 3 + 42. What is the greatest common divisor of m and s?
5
Let x(l) be the second derivative of -l**5/10 + 23*l**4/12 + 10*l**3/3 - 9*l**2 - 23*l. Let j be x(12). What is the highest common divisor of 6 and j?
6
Suppose 32 = -0*n + n. Suppose 0 = -4*u + 8*u - n. Let k = -13 + 21. What is the highest common factor of u and k?
8
Let c be 3*((-162)/12)/(-9)*8. Calculate the highest common divisor of c and 1548.
36
Suppose -q - 3*o = -117, -4*q + 3*o + 45 = -423. Calculate the highest common divisor of q and 195.
39
Let i be ((-2)/7)/(13/(-91)). Suppose i*n - 30 = -3*x - n, 2*x = -3*n + 24. Let d be (4 + -2)*(1 - 0). Calculate the greatest common divisor of d and x.
2
Suppose -3*y + 259 - 79 = 0. Let m = 69 - y. Calculate the highest common divisor of m and 90.
9
Let g be 3/(12/46)*2. Let t(q) = -q**2 - 3*q + 4. Let c be t(12). Let v be (-18)/(-2 - c/92). Calculate the greatest common divisor of v and g.
23
Suppose y + 2*y = 24. Suppose 4*r + y = -8. Let p(c) = -2*c. Let z be p(r). What is the greatest common factor of z and 32?
8
Suppose -d + 18 = 3*f, 2*f + 3*f - 28 = -d. Suppose -f*s + 31 = -719. Calculate the greatest common divisor of 60 and s.
30
Let h(j) = 2*j**2 + 4*j - 10. Let y be 10/(-10)*(-7)/(-1). Let r be h(y). What is the highest common divisor of r and 15?
15
Let u = 69 + -15. What is the greatest common factor of 72 and u?
18
Let s(m) = m**3 + 5*m**2 + 2*m - 7. Let b be s(-3). Suppose -3*q + b*r = -24, -q + 0*q = 4*r + 9. What is the greatest common factor of q and 6?
3
Let o = 594 - 486. Calculate the greatest common divisor of o and 180.
36
Suppose 198 = 57*m - 46*m. What is the highest common factor of 24 and m?
6
Let v(j) = 10*j. Let m be v(6). Suppose 0 = 5*c - 10, -2*c = -9*o + 5*o + m. Calculate the greatest common factor of 24 and o.
8
Suppose -2*h - g + 8 = 0, -8*h = -4*h - 3*g - 26. What is the greatest common divisor of h and 155?
5
Let a(k) = -28*k - 7. Let t(l) = 42*l + 10. Let b(w) = 8*a(w) + 5*t(w). Let v be b(-3). Let c = -60 + 150. Calculate the greatest common divisor of v and c.
18
Let c be (6/10 - 5553/(-45)) + -2. Let d = c - 65. What is the highest common divisor of d and 38?
19
Suppose 8108 = 6*m - 4948. What is the greatest common factor of m and 34?
34
Let n be (-156)/(-11) + 2/(-11). Calculate the highest common divisor of n and 126.
14
Suppose 106 = 5*t + 11. Let n be 44/2 + (-10 - -7). Calculate the highest common factor of n and t.
19
Suppose -4*v + 36 = 4*n, 0 = -5*n - 0*n - 3*v + 35. Suppose -5*c + 114 = -3*k, n*c - 58 = 2*c - 5*k. Calculate the highest common divisor of c and 8.
8
Suppose 5*w - 185 = 235. Suppose 33*v - w = 29*v. Calculate the highest common factor of 14 and v.
7
Suppose 2*z - 3*o = 140, 4*z = 5*z - 3*o - 64. Let y = z + -37. Suppose 2*p = -3*c + c + 24, -5*p = 5. Calculate the highest common factor of y and c.
13
Suppose -13*i - 4*i + 4199 = 0. Calculate the highest common divisor of 52 and i.
13
Suppose -21*c + 52*c - 651 = 0. What is the highest common factor of c and 1113?
21
Let z(j) = 16*j - 72. Let n be z(6). Calculate the highest common factor of 228 and n.
12
Let n(m) = 2*m**3 - 12*m**2 - 12*m. Let y be n(7). What is the highest common divisor of 133 and y?
7
Suppose -5*x + 812 = o, o + 0*o - 326 = -2*x. What is the greatest common factor of 108 and x?
54
Let a = -1025 + 1697. Calculate the highest common factor of a and 21.
21
Let a be (-2)/9 + 176/(-18). Suppose 3*j = 4*j + 12. Let x be 35/2*j/a. What is the greatest common divisor of x and 84?
21
Suppose z - 3*p = 49, 2*p - 7*p + 281 = 4*z. Calculate the highest common divisor of 48 and z.
16
Let r(c) = 4*c**2 + 9*c - 7. Let s be r(3). What is the highest common divisor of s and 28?
28
Let b = 2943 + -2937. What is the greatest common divisor of b and 48?
6
Let m(l) = 4*l - 1. Let p be m(4). Let z = 8 - 5. Suppose 0 = -3*w - 2*i - 0*i + 139, -z*w - 